11 + w. What is the highest common factor of x and v?
21
Let p be 4/16 - (-755)/4. Suppose 0 = -13*s + 45 + p. Suppose -s = -2*d - 2*l, 0 = 2*l - 5*l - 9. Calculate the greatest common divisor of d and 84.
12
Let p(j) = -5*j + 1076. Let l be p(-55). Calculate the greatest common divisor of l and 7.
7
Suppose 1413*b - 648 = 1377*b. Calculate the highest common divisor of b and 10134.
18
Let j = 13 - -107. Suppose -5*o - 288 = -3*y, -3*y - 3*o + 18 + 270 = 0. What is the greatest common divisor of y and j?
24
Suppose -3*s + 4*s + 363 = 4*i, -1 = -s. Let m(j) = -j**3 + 23*j**2 - 51*j - 65. Let w be m(18). Calculate the highest common divisor of w and i.
91
Suppose -5*g = 4*c - 67, 5*c - 49*g + 54*g - 85 = 0. Let q = -2 + 5. Suppose -r = -q + 2, 2*p - 19 = 5*r. Calculate the highest common divisor of p and c.
6
Let k(s) = -s**3 - 8*s + 11*s**2 + 10 - 6*s**2 + 4*s. Let w be k(5). Let h be (-8)/20 + (-404)/w. What is the highest common divisor of 10 and h?
10
Let m(i) = -i**2 + 7*i - 4. Let y be m(6). Suppose c + 142 = y*v, -5*c + c - 57 = -v. Let w = v + 8. Calculate the highest common divisor of 9 and w.
9
Let t = -12016 + 12104. What is the greatest common divisor of 495 and t?
11
Suppose u + 3*a = 3561 - 900, 0 = -u - 2*a + 2666. What is the highest common factor of u and 60?
12
Let t = -5063 - -5503. What is the highest common factor of t and 1100?
220
Let u = -841 + 874. Suppose -73 + 7 = -u*v. Calculate the greatest common divisor of 36 and v.
2
Suppose -2*h - h = -5*z - 85, -h + 33 = -4*z. Suppose 106*a = 10794 + 16868 + 1488. What is the greatest common divisor of a and h?
25
Let h be ((-84)/(-20) + -4)/(6 - 2756/460). Let r be (3 + -2)/((-2)/18). Let m be (-412)/r + (-4)/(-18). What is the highest common factor of m and h?
23
Suppose 18 = -2*p + 5*p. Suppose -2*i - h + 37 = 0, 0*h = 2*i + 5*h - 17. Let j be (-4 - -22)*56/i. What is the highest common divisor of p and j?
6
Suppose 277*d = 375*d - 61740. What is the greatest common divisor of d and 567?
63
Suppose -13*t + 228 - 33 = 0. Let g be (t - 9)/((-3)/(-2)). Let x = -7 + 9. Calculate the greatest common divisor of x and g.
2
Let h(j) = j**3 - 3*j**2 - 38*j - 35. Let l be h(19). Calculate the highest common divisor of l and 42.
21
Suppose 0*o + 8 = 4*o, -z - 4*o + 152 = 0. Let r = -2486 + 2540. What is the greatest common divisor of r and z?
18
Suppose -367 = -5*g - 47. Let q(y) = -y**3 + 27*y**2 - 71*y - 72. Let t be q(4). What is the highest common factor of g and t?
4
Let s be 144 + -1*(40 + -35 - (-22)/(-2)). Calculate the greatest common factor of s and 2430.
30
Let p(f) = 242*f - 11. Let o be p(8). Suppose -13*c - o = -38*c. What is the highest common factor of c and 11?
11
Suppose 12*x + 12*x = -3904 + 13504. Calculate the highest common factor of x and 1900.
100
Let n be 1/((-79352)/15873 + 5). What is the highest common divisor of n and 132?
33
Let q(s) be the second derivative of s**4/6 - 23*s**3/6 - 19*s**2/2 - 2*s + 2. Let g be q(13). What is the highest common factor of 50 and g?
10
Let y be (4 - (8 - 3)) + -184. Let b = 188 + y. Calculate the highest common divisor of 24 and b.
3
Let x(m) = -m**2 - 14*m - 22. Let r be x(-11). Let k = r - 4. Suppose g = 39 - k. Calculate the greatest common divisor of g and 8.
8
Let d be (-38)/(-6) - (-44)/(-33). Let v be (52/d)/((-2)/(-5)). Suppose 23*t = v*t - 21. Calculate the highest common divisor of t and 28.
7
Let d(i) = 2*i**2 - 6. Let x be d(3). Suppose x*p + 122 = 410. What is the highest common factor of p and 192?
24
Suppose 3*q = -4*m, 3*m + 14*q - 12*q = 0. Let g = 52 - 28. Let r be g + (m - 1 - -5). What is the greatest common factor of r and 7?
7
Suppose -28*z - 57*z = -303450. Calculate the highest common divisor of 204 and z.
102
Suppose -12*i + 521 = -1003. Suppose 4*p - 225 = i. What is the highest common divisor of 33 and p?
11
Let h(d) = 532*d - 1505. Let b be h(4). Calculate the highest common divisor of 35 and b.
7
Let o(j) = j**3 - 9*j + 12*j + 4 + 3*j**2 + 0*j**3. Let d be o(-2). Suppose -3*n = 3, 0*a + d*n = -3*a + 58. Calculate the highest common factor of 220 and a.
20
Let i(u) = -3 - 9*u**3 + 8*u**3 - 3*u**2 + 13 + 23*u**2. Let g be i(20). Let y be -60*(32/6)/(-4). What is the greatest common divisor of y and g?
10
Let s(k) = 4*k**2 - 6*k + 44. Let n be s(4). Calculate the highest common divisor of n and 2304.
12
Suppose 66*r = 47297 - 7037. Calculate the highest common factor of r and 1586.
122
Let z be 1/(-3)*-959 - 5/(-15). Let l = z + -308. What is the highest common factor of l and 48?
12
Suppose -169*i - 838 = -3542. Calculate the highest common factor of i and 3872.
16
Suppose 0 = 2*k + 4 - 20. Suppose -298 = k*d - 2090. Calculate the highest common factor of d and 16.
16
Let y(k) = 2 - 9 + 7*k + 0*k - k**2. Let r be y(2). Let w be -4*(r + (-74)/20)*5. Calculate the greatest common divisor of w and 4.
2
Let z = 1023 + 267. What is the highest common factor of 90 and z?
30
Suppose -454*l + 442*l = -14268. Calculate the highest common factor of 290 and l.
29
Let r(u) = -u**3 + 6*u**2 + 16*u - 13. Let k be r(-3). What is the highest common factor of 135 and k?
5
Let d(c) = -c**3 + 43*c**2 - 305*c + 22. Let l be d(34). Calculate the highest common divisor of l and 12236.
28
Let l(z) = z**2 + 12*z - 4. Let p be l(29). Calculate the greatest common divisor of 12 and p.
3
Let s(v) = -33*v + 1422. Let d be s(38). What is the highest common divisor of d and 744?
24
Suppose -6*a + 486 = 120. Let w = 67 - a. Suppose 2*h - 5*j = -0*j + 69, -j = -5*h + 207. Calculate the greatest common divisor of w and h.
6
Let u = -16 + 28. Suppose 8*i + 20120 = 21032. Calculate the greatest common divisor of u and i.
6
Suppose 11*u - 835 = 661. Suppose -9*q = -0*q - 72. What is the highest common factor of u and q?
8
Let z = -54 - -35. Let r = 39 + z. Calculate the greatest common divisor of r and 200.
20
Let o be -97 + (1 - -10 - 6). Let x = 188 + o. What is the highest common divisor of 168 and x?
24
Let a(s) = 2*s**2 - s - 2. Let g be (-3)/6*(0 + 0). Let z be a(g). Let o be z/(-9) + (-482)/(-18). What is the greatest common factor of 9 and o?
9
Suppose 185 = -3*n - 2*u, -5*n = -2*u - 2*u + 301. Let c = -34 - n. Suppose -6 + 15 = y. What is the greatest common factor of y and c?
9
Suppose -196 = -4*n + 204. Suppose -n*j = -105*j + 60. Let c be 6/j - 158/(-4). Calculate the highest common factor of c and 30.
10
Let o = -20 - -36. Suppose 17*n - 10*n = 119. Suppose o*i + 63 = n*i. What is the highest common factor of 9 and i?
9
Suppose 14*f - 5*f = 0. Suppose f = -4*a + 3*a + 2*a. Suppose 3*o + 31 - 187 = a. What is the greatest common factor of 4 and o?
4
Let v = -83 + 188. Let i = v + -49. Let c = -220 - -290. What is the highest common factor of i and c?
14
Suppose 0 = -4*s + 3*b + 148, s - 4*b + 8*b - 56 = 0. Suppose 4*q - 2*q + 3*g = 60, -q = 4*g - s. What is the greatest common factor of q and 264?
24
Let s(w) be the third derivative of 9*w**4/4 - 21*w**3 - 40*w**2. Let h be s(4). What is the highest common factor of h and 120?
30
Suppose 7649 = -56*y + 21369. What is the greatest common factor of y and 140?
35
Let s be (-2)/(-27) - (-732966)/(-1053). Let q = s + 716. Calculate the greatest common divisor of q and 270.
10
Suppose -3*k + 135 = 6*k. Let c be (-12)/(-5)*k + -2. Calculate the greatest common divisor of c and 85.
17
Suppose 10 = f - 5*m, 3*f + 3*m + 26 = 20. Suppose -5*u + 531 - 386 = f. Calculate the highest common divisor of 493 and u.
29
Let t be 57 + (-8)/2 + -6. What is the greatest common divisor of t and 2?
1
Let t be (-124)/248 + (4 - 35/(-2)). Let i be ((-42)/(-8))/((-3)/(-12)). What is the highest common factor of t and i?
21
Let x = 1238 - 1175. Calculate the highest common factor of 147 and x.
21
Suppose -i = -0*i - 2. Let t(b) = 25*b - 562. Let h be t(33). Suppose h = 8*k + 119. What is the greatest common factor of i and k?
2
Let w(h) = 52*h**2 + 777*h - 3124. Let a be w(4). Calculate the greatest common divisor of 510 and a.
102
Suppose 3*h = 15, -2*y + 2*h + h = -113. Let t = -52 + y. Calculate the greatest common factor of 384 and t.
12
Let s(d) = -d**3 + 31*d**2 - 30*d + 5. Let p be s(30). Suppose 0 = -p*r + 2*g - 6*g + 49, 4*r + g = 37. What is the greatest common factor of r and 1?
1
Let